*m - 5*n = 38578. Is m a composite number?
True
Suppose 7*t - 225095 - 70029 = 270203. Is t composite?
False
Suppose -2*v + 1251765 = 20*v - 13*v. Is v prime?
False
Is ((-2)/(-24) + 2/8)/(94/35618010) composite?
True
Let a(j) = -8*j + 74. Let n be a(9). Suppose 4*q - 2*z - 1465 = 749, n*q - 5*z - 1127 = 0. Is q composite?
True
Suppose -25 + 2 = -5*k - r, 0 = -5*k + 2*r + 14. Let f be k/1 + (0 - -2). Suppose -f*j = -110 - 76. Is j a composite number?
False
Let t = 83902 + 79629. Is t composite?
True
Suppose 4*v + 607175 = 4*g - 704201, 5*g + 4*v = 1639247. Is g a composite number?
True
Let f = 199879 - -218632. Is f a prime number?
True
Let u(z) be the second derivative of 7*z**4/2 - z**2/2 + 13*z. Let n be 1/4 - (-13)/(-4). Is u(n) a composite number?
True
Suppose -3*a - 399 = 276. Let x(l) = 12*l**2 - 123*l + 116. Let w be x(12). Let r = a + w. Is r a prime number?
False
Let v be (4 + -7)/(3/(-2)) + 0. Suppose -32 = -0*f + v*f. Is (-24)/f - ((-15582)/4 - 2) a prime number?
False
Suppose 0 = -6*f - 3*f - 63. Let d(h) = -h**3 - 9*h**2 - 15*h - 10. Let b be d(f). Is b/(-9)*-1*-1893 composite?
False
Let d = -341 - -651. Suppose -14*n - d = -2*r - 10*n, -3*n + 175 = r. Is r composite?
False
Suppose -5*z + 6120 = d - 1049, 0 = -z + 3*d + 1437. Suppose 3547 = 5*u - 3*p, 2*u + 5*p = 4*u - z. Is u a composite number?
True
Suppose -5*x + 3*y - 24631 = -247701, -4*y + 133871 = 3*x. Is x composite?
False
Let t(v) = -619*v**3 + 4*v**2 + 54*v - 152. Is t(-9) a prime number?
False
Let i(u) be the third derivative of -u**5/20 - 37*u**4/4 + 43*u**3/6 - 108*u**2. Is i(-46) composite?
False
Suppose 55*p + 143099 = 723844. Is p a prime number?
True
Let i = -212591 - -560080. Is i a composite number?
False
Is 7870289/70 - (-7 - 402/(-60)) prime?
False
Suppose b = 3*h - 10, -3*b - 3 = -3*h + 9. Suppose -5*x + 9527 = l, -l - h*l + 38108 = -4*x. Is l composite?
True
Let i = 7364 - -16923. Is i prime?
False
Let h = -60 - -60. Suppose -4*d - 387 - 3685 = h. Is (-2)/(-3) - (1 - d/(-3)) composite?
True
Let z = -38545 - -73878. Is z prime?
False
Let v(p) = 10*p**3 - 23*p + 58. Is v(7) a composite number?
True
Let k = 4615 - -2580. Let s = k + -4650. Is s a prime number?
False
Suppose -5*m = 4*g - 2108, -4*m - 4*g + 1676 = -12. Is 4639845/m + (-1)/4 prime?
True
Suppose 15*o - 5180681 = -h, -5*o - 4*h + 683675 = -1043204. Is o composite?
False
Let b be (690/4)/(2/(-12)). Let u(h) = -32*h - 302. Let w be u(6). Let x = w - b. Is x prime?
True
Let y(m) be the second derivative of 9*m**5/10 + 2*m**4/3 - 19*m**3/6 - 13*m**2/2 - m - 12. Is y(8) a prime number?
False
Let y be 1020/90 - 1/3. Let n(w) = w**3 + 5*w**2 - 13*w + 24. Is n(y) a composite number?
True
Let s = 853301 - 55488. Is s prime?
True
Let v(d) = 1508*d + 931. Is v(22) composite?
True
Let g be (-2)/4*(0 + -46). Let f = -1181 + 1185. Suppose -4*z = 5*d - 1881, -2*z - 1461 = -f*d + g. Is d composite?
False
Is -43762*15/(-2) - (-1772 - -1774) composite?
False
Let l = -15 - -48. Suppose l*k - 28*k - 40 = 0. Let j(a) = 7*a + 11. Is j(k) a prime number?
True
Let h(n) be the first derivative of -7*n**2 - 4*n + 1/3*n**3 + 34. Is h(-13) a composite number?
False
Let z = 66702 + -31085. Is z prime?
True
Let n be (-8894)/(-7) - 4*(-6)/(-42). Suppose -4*z - 7011 = -3*m, 4*m - n = -4*z + 8050. Is m a prime number?
True
Let q(l) = 23*l**3 - 13*l**2 + 6*l + 46. Let c be q(11). Suppose -5*x = -5*f + 23325 + 13070, -4*f + c = 5*x. Is f prime?
True
Let q be 4/15*9*(1 - -4). Let u be q/(-2*((-3220)/1608 + 2)). Is u/(-48)*(-44)/3 a prime number?
False
Let v = 73 + -68. Suppose 4*d - v*d = -331. Is d composite?
False
Let c(b) = -8*b**2 + 20*b - 3. Let k be c(2). Suppose -2*g + 6*g + 1886 = 2*w, -k*w + 4715 = 4*g. Is w a composite number?
True
Let f be (1/2)/(13/30056). Suppose 4753 + 1899 = 4*a. Let q = f + a. Is q composite?
False
Let s(p) = 7*p**3 + 18*p**2 + 34*p - 25. Is s(22) prime?
False
Suppose 304*n - 106550 = 279*n + 294575. Is n a prime number?
False
Is (-12939)/(-15) + 165/(-275) prime?
False
Let y(d) = -d**3 - 5*d**2 - 2*d + 1. Let p be y(-4). Let a(z) be the first derivative of 172*z**3/3 + 2*z**2 + 19*z - 75. Is a(p) a composite number?
False
Let j be ((-224)/(-48))/(2/9). Is (-1690 + j)*1*-1 + 0 a prime number?
True
Let t(x) = -13 - 78 + 3*x**2 + 99*x - 81*x. Is t(-40) a prime number?
True
Suppose -3*q = 5*a - 695443, a - 2081*q + 2080*q = 139095. Is a composite?
False
Let t be 16/48 - 102/9. Is 7219*(5 + t - -7) prime?
True
Let p = -30 + 32. Suppose -p*l + 7 = 3. Suppose 5*i + 2*c = -0*c + 7970, 2*i = -l*c + 3188. Is i a composite number?
True
Let l(i) = 4*i - 5. Let b be l(2). Suppose 5*f - 31 = -4*t, -f - b = -3*t + 6. Suppose o + g - 130 = -o, -2*o + t*g = -150. Is o composite?
False
Let s(q) be the second derivative of 67*q**5/10 + q**4/12 - 2*q**3/3 + q**2/2 - 2*q - 2. Is s(2) prime?
True
Let i(n) = n**2 - n - 18. Let q be i(5). Let o be 177*(q - 7/3). Let p = o - -142. Is p prime?
True
Suppose 0 = -6*b - 8312 - 2230. Let s = -205 + 331. Let w = s - b. Is w composite?
True
Let j = -30 + 33. Suppose -n + 3 = z, j*n = n - z + 6. Suppose 461 = 2*i - 5*a, -4*i + 901 = -0*i - n*a. Is i composite?
False
Let w = 36507 + -24784. Is w a composite number?
True
Is ((-1133)/44)/(3/(-2772)) - -8 composite?
False
Is (-36)/(-60)*((-75)/50 + (-5408519)/(-6)) prime?
True
Let b(h) = 101*h - 4. Let k = -20 - -20. Suppose k = -2*v - 5 + 7. Is b(v) composite?
False
Let n(j) = 14*j**2 - 428*j - 5. Is n(104) prime?
True
Let u(j) = j**3. Let d(q) be the third derivative of -39*q**6/40 - q**5/30 - 5*q**4/24 - q**3/2 - 21*q**2. Let r(v) = d(v) - 6*u(v). Is r(-2) a prime number?
True
Let o = 131026 - 86099. Is o prime?
True
Let a be (-16)/(-2*1) - 2. Let r = 3219 + -3215. Is (-6)/r*(-2152)/a a composite number?
True
Suppose 0*b = 5*b - 20. Suppose -2*x - b = -14. Suppose -6*u - x*u = -10483. Is u a composite number?
False
Suppose -207 - 754 = -z. Suppose -3*u = -6, z = q - 3*u + 7*u. Is q composite?
False
Let t(h) = 2*h**2 + 10*h + 3. Let y be t(-6). Suppose g = 6*g - y. Is 30/g*2*(-1735)/(-20) a composite number?
True
Suppose -21*y - 125*y + 58840190 = 0. Is y composite?
True
Let u(a) = 91*a**2 - 9*a + 37. Let o be u(-6). Let i = 6446 - o. Is i a prime number?
True
Let c be 86360 - (-6)/30*(-5)/1. Let t = c - 50610. Is t prime?
False
Let r = -73 + 80. Let v(y) = 114*y + 89. Is v(r) a composite number?
False
Suppose 11386 = 7*n - 10853. Let k = -1412 + n. Let r = -1046 + k. Is r a prime number?
True
Suppose 3*n - 7*n + 12 = 0. Suppose -7 = -4*r - 5*l + 3, -2*r - n*l = -4. Suppose 2*o = -r*b + 61, 3*b + 8 + 6 = o. Is o a composite number?
False
Let m(p) = -p**3 - 5*p**2 - 5*p - 2. Let f be m(-4). Suppose -5*s = -f*l + 51069, 2 = -2*s + 4*s. Is l a composite number?
False
Is 619377 - -2 - 0*10/10 prime?
False
Let c(v) = v**3 - 7*v**2 + 12*v - 11. Suppose 0 = 4*l - 5*z - 1, 5*z - 3*z - 22 = -4*l. Suppose 5*j + l*n = 30, 3*n = -3*j - n + 10. Is c(j) a prime number?
True
Suppose -5*c - 221265 = -5*j, 45*c - 49*c = j - 44233. Is j prime?
True
Let c(l) = l**3 - 23*l**2 + 43*l - 18. Let z be c(21). Suppose z*o - 356 - 865 = 0. Is o composite?
True
Let w be (2902970/(-252) - 2/(-9))*-2. Suppose 3*p - w = -1700. Is p a composite number?
True
Suppose -3*d = 3*o - 3, o - 6*o - 5 = 0. Let j be (-42)/(-28) + 1*5/d. Suppose j*c - 108 - 248 = 0. Is c a composite number?
False
Suppose 0 = 3*v + 6*v - 153. Suppose v*y = 29*y - 298212. Is y a composite number?
False
Let y(z) be the third derivative of 7*z**5/12 - 13*z**4/12 + 11*z**3/6 + 3*z**2 - 16*z. Is y(10) composite?
False
Suppose 8*d - 5410644 = 4123428. Is d a composite number?
True
Let l(y) = 52*y**2 + 10*y + 631. Is l(59) prime?
True
Let w = -603 + 621. Is 5480 - 8/((-48)/w) prime?
True
Suppose 11*r = 15*r - 14736. Suppose -2*g = g. Suppose h + 11*h - r = g. Is h composite?
False
Let g(t) = 2*t**3 + 118*t**2 - 128*t - 173. Is g(-60) a prime number?
True
Let t = -723 - -723. Suppose -41*m - 2*m + 71122 = t. Is m a composite number?
True
Let u = -30462 + 13046. Is u/(-120) - 14/105 a prime number?
False
Let h = -3969745 + 5701508. Is h a prime number?
False
Let l(y) = 83*y**2 - 19*y + 63. Let i be l(6). Suppose -i = -5*m + n, -m - 2925 = -6*m - 5*n. Is m a prime number?
True
Let u be (-44)/(-154) -